*2 + 13*z - 5. Let d be s(12). What is m(d)?
-16
Let i(z) = -199*z**2 + 392*z**2 - 196*z**2 + z**3 - 4*z. Suppose o = -0*f - 3*f + 7, -3*f - 4*o + 1 = 0. What is i(f)?
-12
Let k = -64 - -64. Suppose 3*i + 7*i - i = k. Let c(x) = x - 14. Determine c(i).
-14
Let f(l) be the second derivative of l**4/12 - 7*l**3/6 - l**2/2 - l. Let o = -2472 - -2479. What is f(o)?
-1
Let c be (6/18)/(2/(-36)). Let k(x) be the first derivative of -1/4*x**4 - 2 - 5/3*x**3 + 8*x + 3*x**2. Determine k(c).
8
Let d(o) = -19*o. Let f be 24/(-42)*(21/(-6) + 0). Calculate d(f).
-38
Let k(m) = 2*m**2 + 29*m + 3*m**2 - 4*m - 6*m**2 - 15*m. Give k(12).
-24
Let x = 1 - -4. Let d(q) = q + 1. Let m(p) = -3*p - 6. Let y(l) = 4*d(l) + m(l). Give y(x).
3
Let t(n) = 2*n + 8. Let q(x) = 2*x + 8. Let i(u) = 4*q(u) - 3*t(u). Determine i(0).
8
Let u(z) be the third derivative of -z**6/120 + 7*z**5/60 - 7*z**4/24 + z**3/6 + 110*z**2. Determine u(5).
16
Let n = 44 - 41. Suppose -c = -3*r - 29, 9 = -n*r - 4*c - 10. Let m(w) = w**3 + 10*w**2 + 10*w - 1. Give m(r).
-10
Let v(p) = 2*p**3 - p**2 + p - 4. Let x be v(2). Let g be (-2)/(-4) - 50/(-4). Let z = x - g. Let w(k) = -k**3 - 4*k**2 - 4*k. What is w(z)?
3
Let j(f) = -f**3 + 12*f**2 + 15*f - 15. Let k be j(13). Let r(b) = 9*b - 1. Let m(u) = 26*u - 2. Let x(p) = k*r(p) - 4*m(p). Determine x(-4).
17
Let o(z) = 3*z**2 - 1. Suppose -t = -42 + 6. Let y be 3/(-4) - 9/t. Calculate o(y).
2
Let j(x) be the third derivative of x**6/120 + x**4/24 - 12*x**2. Let i(q) = -8*q**3 - 2*q**2 - 7*q - 2. Let v(n) = -i(n) - 6*j(n). What is v(-2)?
-8
Let j(n) = n - 11. Let z(d) = 9 + 29*d**3 - d**2 + d - 30*d**3 - 5*d + 6*d**2. Let a be z(4). What is j(a)?
-2
Let m(n) = 2*n + 12. Let t(p) = -3 - 23 + 14 + p. Let d be t(4). Calculate m(d).
-4
Let n(p) = 11510*p - 11507*p + p**3 - 5*p**2 - 2 + 0*p**3. Let o be (2/4)/((-1)/(-8)). Give n(o).
-6
Let p(f) = 4*f. Suppose -1483 = -i - 1481. What is p(i)?
8
Let s be -51 + 0 + -3 + 5/1. Let g = 40 + s. Let r(d) = d**3 + 10*d**2 + 9*d - 4. What is r(g)?
-4
Suppose 3*u - 6*u = -14*u. Let j(d) = d**2 + 3*d**3 - 2*d**3 + 3*d - 2*d. Determine j(u).
0
Let z(q) = 3*q - 3. Let y = 392 + -383. Give z(y).
24
Let h(y) = -y**3 - 1. Let r be ((-372)/36 - -10)/((-2)/12). Determine h(r).
-9
Let m(z) = -z + 2. Suppose 0 = 8*q + 28 - 4. Calculate m(q).
5
Suppose 4*s + 3*n - 12 = -n, -2*s + n + 3 = 0. Let i(l) = 1 + 5*l - s*l + l**2 - 1. Calculate i(-5).
10
Let o(g) be the third derivative of 2/3*g**3 - 3*g**2 + 0 + 0*g + 0*g**5 - 1/40*g**6 + 1/24*g**4. Let m(u) be the first derivative of o(u). Give m(-1).
-8
Suppose 3*q - 7 = 5. Suppose 3 = -h - q*z - 10, 0 = -3*h + 3*z + 21. Let i(o) = 2 + h*o**2 + 2*o**2 - 3*o**2 - 3*o**2. Determine i(-3).
-7
Let t(m) be the first derivative of -m**3/3 - m**2 + 11*m + 14. Calculate t(0).
11
Let d = 55 - 61. Let j(x) = 2*x - 2*x + x**2 + 4*x + 1 - 5. What is j(d)?
8
Let a be ((-16)/(-4) - 46)*-2. Let m be -3 - (a/(-16) - 1/(-4)). Let t(h) = h**3 - 5*h**2 + 4*h - 2. Calculate t(m).
-6
Suppose -2 = 3*d - 4*m, -4*m + 2*m = -2*d. Let u(i) = 2*i + 7*i + 3 - 2*i - 2*i - 6*i**d + i**3. What is u(5)?
3
Let x(h) = -5 - 25*h**2 - 6*h + 10 + 54*h**2 - 28*h**2. Give x(4).
-3
Let x be (3 - 3)/(1 + 1). Let w(a) = -4*a. Let k(g) = -g - 1. Suppose -4*p - 2 + 6 = 0. Let l(f) = p*w(f) - 3*k(f). What is l(x)?
3
Let p = -1098 - -1091. Let h(w) = -3*w**2 - 21*w - 7. What is h(p)?
-7
Suppose 7 = 5*c - 28*o + 32*o, 0 = 5*o - 15. Let g(l) = -19*l. Calculate g(c).
19
Let r(i) = 3*i**2 - i - 16. Let z be r(4). Let a be ((-6)/4)/((-14)/z)*-1. Let j(v) = -v**3 - 3*v**2 - 4*v - 1. What is j(a)?
11
Let p(m) = 4*m + 3. Let w(c) = -8*c - 6. Let q(u) = -13*p(u) - 6*w(u). Let a be (-187)/(-51) - (-2 - 24/(-9)). Determine q(a).
-15
Let q = 11 + 0. Let s(x) = 6 - 15 - 3*x**2 + q + 8*x + 2*x**2. Give s(8).
2
Let c(i) = i**2 + 3 + 4*i**3 - 13*i - 3*i**3 + 16*i. Give c(-2).
-7
Let h(c) = -4 + 5 + 4*c + 7*c**2 - 7*c + c. Let v = 138 - 137. Calculate h(v).
6
Let w(f) = f**3 + 5*f**2 - 5*f + 7. Suppose -29*d - 130 = -3*d. Determine w(d).
32
Let w be (2 + 20/(-5))*(-21)/14. Let d(k) = k**2 - 3*k + 4. Determine d(w).
4
Let h(z) be the third derivative of z**6/120 - 3*z**5/20 - 11*z**4/24 + 7*z**3/3 + 309*z**2. Determine h(10).
4
Let w(p) = -p + 10. Let y(z) = -z + 9. Suppose 2*a + d - 6 = 0, 8 = 4*a + 3*d - 0. Let f(t) = a*w(t) - 6*y(t). Determine f(-4).
-8
Let x(v) = v**3 + 6*v**2 + 5*v + 3. Suppose -13*z + 18*z - 15 = 0. Suppose -z*g = 2*q + 25, -2*g - 5*q = -0*g + 35. Determine x(g).
3
Let s(r) = r**2 + 8*r + 9. Suppose -2*b - 89 = -1. Let u be b/7 - (-10)/35. Give s(u).
-3
Suppose 35 = 5*d - 16*b + 17*b, -d + 5*b = 19. Let q(z) = -z**3 + 8*z**2 - 14*z + 13. What is q(d)?
1
Let u = -26 + 26. Let f(r) = u*r - r + 5*r. Calculate f(-3).
-12
Let a(m) = -m**2 - 4*m + 1. Let x be 8/(-4 - (6 + -8)). Calculate a(x).
1
Let b be (-120)/(-50) + (-4)/10. Let f(z) = 2*z + z**2 + 7*z - 10 + 2*z - b*z. Determine f(-9).
-10
Let g(y) be the first derivative of y**4/2 + 19*y**3/3 - 5*y**2 + 3*y + 8. Let l be g(-10). Let q(h) = h + 4. Determine q(l).
7
Let j(w) be the first derivative of w**4/4 - 7*w**3/3 + 9*w**2/2 - 2*w + 1. Suppose 2*a - p - 35 = -26, -5*p + 3 = -2*a. Calculate j(a).
16
Let a = 2 + -5. Let d = a - -6. Let m(l) be the first derivative of l**4/4 - 4*l**3/3 + l**2 + 4*l - 26. Give m(d).
1
Suppose 0 = 3*c - c - 4. Let x(l) = -l**3 + 65*l**2 - 17*l**2 - 27*l**2 - 20*l**2. What is x(c)?
-4
Let u(y) = -3*y. Let l(g) = 2*g**2 + 3 + 2*g + 2 - 7 + 0*g**3 - g**3. Let h be l(3). Determine u(h).
15
Suppose 0 = -3*z - x + 9, -2*x - 14 = -0*z - 2*z. Let y(n) = n**3 + 697*n + 2 - z - 697*n + 6*n**2. Give y(-6).
-2
Let r(k) = k - 11. Let o(w) = -w**3 + 5*w**2 + 85*w. Let v be o(12). Determine r(v).
1
Let n = 154 - 154. Let a(m) = n - 1 - 1 + 8*m + 5. Determine a(-4).
-29
Suppose 0 = 5*r - 320 + 310. Let j(a) = -a**2 + 4*a - 1. Give j(r).
3
Let d = 113 - 108. Let h(t) = -t**2 + t. Determine h(d).
-20
Suppose -2*r + r = 0. Suppose r = 3*a - 6*a. Let g(q) = q**2 + 3 - 7 - 3 - 4. Determine g(a).
-11
Let a = 7 + -10. Suppose 3*s + 5 = 2*s. Let r = a - s. Let m(w) = 4*w - 1. Give m(r).
7
Let g(b) = b + 84 - 80 - b**3 + 0*b - 4*b**2. Calculate g(-3).
-8
Let s(a) be the third derivative of -a**5/60 + a**4/2 - 5*a**3/2 - 29*a**2. Calculate s(11).
-4
Let b(r) = r**3 - 5*r**2 + 2. Let y(s) = -s**3 + 5*s**2 - s + 3. Let j be y(6). Let i = j - -44. Determine b(i).
2
Let k(p) be the second derivative of p**5/20 - 3*p**4/4 + 4*p**3/3 - 9*p**2/2 - 88*p. What is k(7)?
-51
Let t(q) = -q**3 + 5*q**2 - 5*q - 1. Let x be 6/12 + 10/(-4). Let z be (-14)/21*21/x. Suppose -4*m - z = -23. Give t(m).
-5
Suppose 3*l - l + 2*v = 14, v = 2*l - 26. Let q(t) = t**3 - 11*t**2 - t + 16. Let f be q(l). Let o(i) = -311*i + 155*i + i**2 + 151*i. Determine o(f).
0
Let a(n) = -n**3 - 3*n**2 - 8*n - 22. Suppose 295*u - 60 = 315*u. Give a(u).
2
Let x be 3 - 2*(-1)/(-2). Suppose 0 = 4*o - n - 17 - 4, -4*o - 2*n = -30. Suppose -g = g - x*t, -t + o = 5*g. Let d(w) = 5*w + 1. Calculate d(g).
6
Let h(w) be the first derivative of w**2/2 + 4*w - 57. Determine h(7).
11
Let c(i) = 7*i**2 - i. Let v(q) = q**3 - 13*q**2 - 19*q + 7. Let s be v(14). Let m = -62 - s. What is c(m)?
6
Let c(f) = 6 - 37 + 984*f - 985*f. Calculate c(0).
-31
Let z = 1402 - 1417. Let q(w) = w**2 + 14*w - 14. What is q(z)?
1
Let s(v) = v**2 - 2*v + 18. Let h = 860 + -860. Calculate s(h).
18
Let a(l) be the third derivative of -l**4/24 + 11*l**3/6 - 2*l**2. Let f(x) = -28*x**3 + 6*x**2 + 27*x**3 + 24 - 19. Let i be f(6). Give a(i).
6
Let t(k) be the first derivative of k**2/2 + 5*k - 225. Let o = 3 + -3. Give t(o).
5
Let x(f) be the second derivative of 0 + 1/2*f**2 - 25*f + 17/6*f**3. Determine x(-1).
-16
Let v(z) = -2*z - 6. Let b be v(-5). Let o(l) = l. Let u(w) = -4*w + 1. Let y(n) = -2*o(n) - u(n). Let j(r) = -r + 1. Let c(t) = 9*j(t) + 4*y(t). Give c(b).
1
Let s(c) = 5046*c - 5039*c + 0*c**2 - c**2 - 8. Determine s(10).
-38
Let o(l) = l**3 - 7*l**2 - 2*l + 20. Suppose 2 - 8 = -3*i, 2*u - i - 12 = 0. Give o(u).
6
Let h(s) = -330 + s**3 - 3*s**2 + 329 - 2*s + 2*s**2. What is h(-1)?
-1
Suppose -10*y - 9 = -39. Let k(i) be the second derivative of -1/20*i**5 + 0*i**y - 1/6*i**4 + 2*i + 0 + 1/2*i**2. What is k(-3)?
10
Let z = -